late the remainder when 724734 is divided by 181014.
678
Calculate the remainder when 2632562 is divided by 239323.
9
What is the remainder when 104207 is divided by 11056?
4703
What is the remainder when 81631906 is divided by 27?
25
What is the remainder when 4825161 is divided by 73?
7
Calculate the remainder when 120286 is divided by 5606.
2560
Calculate the remainder when 200738 is divided by 28650.
188
What is the remainder when 35346 is divided by 1086?
594
What is the remainder when 21920 is divided by 810?
50
Calculate the remainder when 2470631 is divided by 58817.
317
What is the remainder when 29121 is divided by 14073?
975
What is the remainder when 25638 is divided by 12818?
2
What is the remainder when 597072 is divided by 3001?
2874
What is the remainder when 220376 is divided by 347?
31
What is the remainder when 5373804 is divided by 1170?
1164
What is the remainder when 78282 is divided by 654?
456
What is the remainder when 104851 is divided by 98048?
6803
Calculate the remainder when 1066792 is divided by 2743.
2508
Calculate the remainder when 771433702 is divided by 2555.
2552
What is the remainder when 1421648 is divided by 29?
10
Calculate the remainder when 71578390 is divided by 1151.
2
What is the remainder when 557016 is divided by 308?
152
Calculate the remainder when 39592 is divided by 6360.
1432
What is the remainder when 2160314 is divided by 154303?
72
What is the remainder when 1067180 is divided by 1899?
1841
Calculate the remainder when 35306887 is divided by 2368.
7
Calculate the remainder when 21439448 is divided by 471.
470
Calculate the remainder when 5238 is divided by 5079.
159
Calculate the remainder when 118373 is divided by 23656.
93
What is the remainder when 31722 is divided by 10573?
3
Calculate the remainder when 578078 is divided by 25133.
19
Calculate the remainder when 95585865 is divided by 6904.
6889
Calculate the remainder when 416967 is divided by 1486.
887
Calculate the remainder when 131964 is divided by 9417.
126
Calculate the remainder when 193924 is divided by 193913.
11
Calculate the remainder when 16475 is divided by 2182.
1201
Calculate the remainder when 23913020 is divided by 926.
922
What is the remainder when 31203 is divided by 7754?
187
Calculate the remainder when 4316692 is divided by 251.
245
Calculate the remainder when 97877 is divided by 48624.
629
What is the remainder when 254001 is divided by 1671?
9
What is the remainder when 36559886 is divided by 12186606?
68
Calculate the remainder when 59267434 is divided by 15.
4
What is the remainder when 10570730 is divided by 2114144?
10
Calculate the remainder when 140930 is divided by 70438.
54
What is the remainder when 57565 is divided by 1333?
246
Calculate the remainder when 47727666 is divided by 143758.
10
What is the remainder when 29368381 is divided by 13229?
1
What is the remainder when 118049 is divided by 10435?
3264
Calculate the remainder when 345754 is divided by 151.
115
Calculate the remainder when 498174 is divided by 124536.
30
What is the remainder when 5949217 is divided by 504?
1
Calculate the remainder when 148218 is divided by 2745.
2733
Calculate the remainder when 173084 is divided by 671.
637
What is the remainder when 15173429 is divided by 517?
513
What is the remainder when 42101088 is divided by 11?
7
Calculate the remainder when 38149771 is divided by 86.
85
What is the remainder when 2313543 is divided by 834?
27
Calculate the remainder when 2354370 is divided by 1118.
980
What is the remainder when 725286 is divided by 3815?
436
Calculate the remainder when 26941 is divided by 116.
29
What is the remainder when 3646157 is divided by 56?
53
Calculate the remainder when 82760 is divided by 151.
12
Calculate the remainder when 22474 is divided by 10901.
672
What is the remainder when 806617 is divided by 134353?
499
Calculate the remainder when 509909 is divided by 1711.
31
What is the remainder when 24623084 is divided by 1653?
1649
Calculate the remainder when 57460766 is divided by 163.
6
What is the remainder when 1889446 is divided by 10864?
9974
What is the remainder when 230887 is divided by 115415?
57
Calculate the remainder when 21224191 is divided by 352.
351
Calculate the remainder when 52973 is divided by 2393.
327
What is the remainder when 201964 is divided by 198?
4
What is the remainder when 36637693 is divided by 1575?
43
What is the remainder when 797351 is divided by 406?
373
What is the remainder when 49267953 is divided by 18363?
24
Calculate the remainder when 56851 is divided by 6931.
1403
Calculate the remainder when 709391 is divided by 2021.
20
Calculate the remainder when 31934 is divided by 7604.
1518
What is the remainder when 15722024 is divided by 4425?
4424
What is the remainder when 2525387 is divided by 229576?
51
Calculate the remainder when 4288612 is divided by 122.
68
What is the remainder when 271408 is divided by 3039?
937
Calculate the remainder when 130221689 is divided by 15.
14
What is the remainder when 739458 is divided by 7182?
6894
What is the remainder when 1902768 is divided by 541?
71
Calculate the remainder when 128825 is divided by 32174.
129
What is the remainder when 1635693 is divided by 1285?
1173
What is the remainder when 16683 is divided by 278?
3
What is the remainder when 15798272 is divided by 6?
2
Calculate the remainder when 2532407 is divided by 506466.
77
Calculate the remainder when 19171672 is divided by 18.
16
Calculate the remainder when 5517967 is divided by 613107.
4
Calculate the remainder when 130051 is divided by 64872.
307
Calculate the remainder when 2865555 is divided by 702.
693
Calculate the remainder when 5275797 is divided by 351713.
102
Calculate the remainder when 32960 is divided by 6389.
1015
What is the remainder when 533681 is divided by 7412?
17
What is the remainder when 4411054 is divided by 126016?
494
What is the remainder when 1314490 is divided by 328465?
630
What is the remainder when 2812997 is divided by 216374?
135
Calculate the remainder when 147066 is divided by 1058.
4
What is the remainder when 5013592 is divided by 2506791?
10
What is the remainder when 27301330 is divided by 4821?
7
Calculate the remainder when 40768143 is divided by 179.
177
What is the remainder when 24476333 is divided by 140?
133
Calculate the remainder when 991298 is divided by 331.
284
Calculate the remainder when 70085775 is divided by 128.
15
Calculate the remainder when 259801 is divided by 128924.
1953
What is the remainder when 377065 is divided by 9120?
3145
What is the remainder when 1723773 is divided by 1020?
993
What is the remainder when 8716619 is divided by 249046?
9
Calculate the remainder when 2167774 is divided by 547.
13
Calculate the remainder when 36031227 is divided by 90.
87
What is the remainder when 353409 is divided by 14094?
1059
What is the remainder when 279811398 is divided by 8229747?
0
What is the remainder when 22805214 is divided by 2533909?
33
Calculate the remainder when 29111 is divided by 1906.
521
Calculate the remainder when 87152259 is divided by 1073.
1053
Calculate the remainder when 2502291 is divided by 36.
3
What is the remainder when 98489465 is divided by 1199?
8
What is the remainder when 2057694 is divided by 1140?
1134
Calculate the remainder when 150649 is divided by 2137.
1059
What is the remainder when 29982065 is divided by 14991024?
17
What is the remainder when 2937862 is divided by 148?
62
Calculate the remainder when 641119 is divided by 508.
23
What is the remainder when 2232372 is divided by 3403?
4
Calculate the remainder when 4840052 is divided by 2420012.
28
Calculate the remainder when 124106 is divided by 17590.
976
What is the remainder when 2530484 is divided by 1265237?
10
What is the remainder when 950191 is divided by 475069?
53
Calculate the remainder when 54403742 is divided by 1501.
1498
Calculate the remainder when 138208 is divided by 19.
2
What is the remainder when 10582028 is divided by 5?
3
Calculate the remainder when 18893554 is divided by 7346.
6988
Calculate the remainder when 45073 is divided by 1878.
1
Calculate the remainder when 30502778 is divided by 229.
207
What is the remainder when 905474942 is divided by 836?
834
What